t f be u(-4). Calculate the remainder when 48 is divided by (-77)/f*-4 + 2.
9
Let k be (-216)/120 - (-117)/15. Let y = -496 + 993. Suppose y = r + k*r. Calculate the remainder when r is divided by 18.
17
Let p(o) = -2*o**2 + 21. Let r be p(3). Suppose -8*u + 5*u = 12, 4*u + 154 = r*t. Calculate the remainder when t is divided by 18.
10
Let p(s) = -s**3 - 59*s**2 + 89*s - 1936. What is the remainder when 960 is divided by p(-61)?
36
Let a(z) = 3*z + 43. Let y be a(-13). Suppose 1 + 7 = -3*n + 5*w, 20 = -2*n - y*w. What is the remainder when 44 is divided by (12*n)/3*(-1)/2?
8
Let o = 16836 + -16487. Calculate the remainder when 726 is divided by o.
28
Let o(w) = -35*w - 66. What is the remainder when o(-6) is divided by 127?
17
Let y(m) = -12 + 8 - 11*m + 9. Let w be (-3)/(-6 + (6 - -1)). What is the remainder when y(w) is divided by 5?
3
Suppose -9775 - 9849 = -72*s + 28*s. Calculate the remainder when s is divided by 119.
89
Suppose -252*v = -15*v - 114125 - 837667. What is the remainder when v is divided by 41?
39
Let i be -2 + 11/(11/42). Let y = i - 30. Suppose 4*m - 8*m = -72. Calculate the remainder when m is divided by y.
8
Suppose -z + n = 111 - 706, -3*z - 3*n + 1755 = 0. Calculate the remainder when z is divided by 34.
12
Let v be ((-55)/(-3))/(1/(-3)). Let n = 62 + v. Suppose 0 = 5*l + 3*m - 274, -2*l = -3*m + n*m - 104. Calculate the remainder when l is divided by 19.
18
Let j = -475 - -528. Let a = -24 - -51. Calculate the remainder when j is divided by a.
26
Suppose 0 = -7*d + 17*d + 770. Let w = -39 - d. Calculate the remainder when 82 is divided by w.
6
Calculate the remainder when 34 + 327 + (2 - 4) is divided by 32.
7
Suppose -o + 89 = s, -337*s = -341*s + 4*o + 372. Calculate the remainder when 556 is divided by s.
10
Suppose 0 = -4*c + 4*o - 5*o + 140, -3*c = 4*o - 105. What is the remainder when 3020/c - (1 + (-5)/7) is divided by 31?
24
Suppose -2894 = 2*v - 6*v + 2*b, -b + 1449 = 2*v. What is the remainder when v is divided by 121?
119
Let v be (-3 + 4)*(-45 - -2). Let j be v/(-4) + (-4)/(-16). Suppose 7*z = j*z - 56. What is the remainder when 23 is divided by z?
9
Let a = -2117 - -2562. Calculate the remainder when a is divided by 444.
1
Let d(a) = a**3 - 3*a**2 - 180*a + 210. Calculate the remainder when d(16) is divided by 642.
16
Let r = -399 + 371. What is the remainder when 14/r + 2775/10 is divided by 31?
29
Let j = -28 - -17. Let y = -12 - j. Calculate the remainder when (684/(-12))/(y - 0) is divided by 30.
27
Calculate the remainder when 1757 is divided by (17/(-2))/(47/(-376)).
57
Suppose -3*r + 16 = 10. Suppose 0 = r*g - g + 5. What is the remainder when 42 is divided by (-1)/(g/(-16))*(-215)/43?
10
Let x(z) = 13*z**3 + 5*z - 10. Let u be x(2). Let w = 154 - u. What is the remainder when w is divided by 17?
16
Suppose -5*c + 84 = 16*c. Suppose 0 = -4*z + 4*a + 60, -5*a - 22 - 38 = -c*z. What is the remainder when 116 is divided by z?
11
Let j(k) = -18*k + 5. Suppose 0 = -0*d - d + 17. Calculate the remainder when j(-4) is divided by d.
9
Suppose c - 151 = -4*h, -5*c = -h + 5*h - 163. Suppose -24*s + h*s = 676. What is the remainder when 58 is divided by s?
6
Suppose 3668 = 119*g - 3591. What is the remainder when 3289 is divided by g?
56
What is the remainder when 4257 is divided by (-1*2 + (-414)/(-161))*35?
17
Suppose -5*q = 3*l - 15 - 66, 3*q = 4*l + 66. Let c(d) = 0*d + d**2 + 179 - 197 - 3*d - d. Calculate the remainder when c(-10) is divided by q.
14
Let w(j) = -j**2 - 15*j - 16. Suppose -1759 = -23*k + 1369. Calculate the remainder when k is divided by w(-12).
16
Suppose 1 = q - 3. Suppose q*n + w + 2*w = -132, 0 = -3*w. What is the remainder when (-35)/(-11) + 6/n is divided by 2?
1
Suppose -1480 = -12*k - 472. What is the remainder when (((-52)/6)/(-13))/(1/k) is divided by 21?
14
Let m = 58 + -47. Suppose -8 - 7 = 5*b - 5*j, 4*b - 3*j + 12 = 0. Let d(i) = 4*i**2 + i - 1. Calculate the remainder when d(b) is divided by m.
10
Let z = 1734 + -988. Let t = -709 + z. What is the remainder when 295 is divided by t?
36
Let s = -346 - -364. Suppose 0 = -s*i - 6*i + 1920. Calculate the remainder when i is divided by 11.
3
Suppose -2*a - 5*r = -64, 0 = -2*a - 5*r + 4*r + 48. Suppose 3*c - a = -4*s + 15, -55 = -3*c + 5*s. What is the remainder when 782/11 - 15/165 is divided by c?
11
Calculate the remainder when 306 is divided by (4 + 2)/((-315)/594 + 6/9).
42
Let a be ((-9)/(-12))/1 - 308/(-16). Suppose 2*g - 4*z - a = 0, 3*z + 2 = 3*g - 19. What is the remainder when 8/(-5)*75/(-30) is divided by g?
0
What is the remainder when 888 is divided by ((-352)/(-96))/(12/828)?
129
Let a be (-16)/(0 + -2) - 1. Let w(k) = -8 - 15 + 39*k + a*k**2 - 15*k - 5*k**2. Calculate the remainder when w(-19) is divided by 61.
60
Suppose -9*v + 25 = -4*v. Suppose v = 4*r - 23. Calculate the remainder when 40 is divided by r.
5
Let w(m) = -m + 12. Let p be w(13). Let k be (p/1)/(26/(-104)). Let h(b) = -b**3 + 7*b**2 - 5*b - 3. Calculate the remainder when h(k) is divided by 9.
7
Suppose -3*a = 16*m - 15*m - 504, -4207 = -8*m + a. Calculate the remainder when m is divided by 3808/36 + 2/9.
101
What is the remainder when 592 is divided by ((-1513)/34 + -13)*(-10)/25?
17
Let v = -130 - -125. Let i be (2 + v)*(0 - -1). Let l(c) = -5*c**3 + 8*c**2 + 4*c + 7. What is the remainder when l(i) is divided by 29?
28
Let x(w) = -6*w - 54. Let h be x(-9). Suppose h*k = -2*k + 3*m + 160, -94 = -k - 2*m. What is the remainder when k is divided by 35?
16
Suppose -3*b - 425 = -7*a - 2*b, 3*a + 5*b - 193 = 0. Calculate the remainder when 251 is divided by a.
7
Suppose -2*j + o = -379, -23*o + 24*o = -3*j + 586. Calculate the remainder when 10806 is divided by j.
191
Suppose 6*z = 971 + 1585. Suppose z*d = 427*d - 33. Calculate the remainder when d is divided by 3.
0
Calculate the remainder when 238 is divided by ((-108)/10 + -3)/((-60)/500).
8
Let t(l) = 4*l**2 + 20*l + 16. Let q be t(-5). Let p be 0 - -1 - (q - 18). Calculate the remainder when (6 - p) + 44 - -4 is divided by 6.
3
Let n be ((-9)/(-6))/((-6)/8). Let u be (39/13)/(n + 31/14). Suppose 39 = 3*o + 4*k - 7, -o - k = -u. Calculate the remainder when 17 is divided by o.
7
Suppose 2*z - 2*v - 1275 - 3721 = 0, -5*z + 12388 = 12*v. What is the remainder when z is divided by 58?
56
Suppose 15 = o - 143. Suppose -3*y + y + o = 0. Suppose 72 = 17*c - 2*c - 558. What is the remainder when y is divided by c?
37
Let k = 9697 - 9328. Calculate the remainder when k is divided by 75.
69
Let x = 2038 - 1939. What is the remainder when 317 is divided by x?
20
Let j(n) = n**2 + 17*n + 19. Let x be j(-11). Let q = 60 + x. Calculate the remainder when q is divided by 7.
6
Let u(v) = -5*v**3 + 62*v**2 + 38*v + 51. Calculate the remainder when 331 is divided by u(13).
27
Let q(w) = w**2 - 13*w + 31. Suppose 4*o + 64 = 5*r, -3*o + 45 = 4*r - 0*o. What is the remainder when q(r) is divided by 7?
5
Suppose -3*k + 3 = -l - 1, -5*l = 3*k - 16. Suppose 6*q = -7*w + 10*w + 138, -3*q - w = -69. What is the remainder when q is divided by l?
1
Suppose o - 214 + 365 = 3*r, 47 = r - 2*o. What is the remainder when 549 is divided by r?
39
Let l = -1 - -12. Suppose 33 = -4*a - b, -4*b + 4 = 3*a - 9*b. Let r(s) = -s - 4. Calculate the remainder when l is divided by r(a).
2
Let m(z) = z**2 + 3*z + 2. Let o = -2 + 10. Suppose 3*t + x = -13, 4*t - x + 0*x + o = 0. Calculate the remainder when 4 is divided by m(t).
0
What is the remainder when (-59)/(708/(-69768)) + -2*(-3 - 0) is divided by 41?
39
Suppose -391 = -5*q - 1796. Let a = q - -450. Suppose -31 = l - a. What is the remainder when l is divided by 35?
33
What is the remainder when -31 + 34 - (-2 - -6232)/(-2) is divided by 39?
37
Suppose 3*n = 3*d - 6, 5*n + 5*d - 43 = -13. What is the remainder when (n/(-15)*12)/((-2)/165) is divided by 9?
6
What is the remainder when 33/(1782/90)*42 is divided by 40/(-3)*(-6)/4?
10
Let p = 481 - 187. Let j = p - -31. Calculate the remainder when j is divided by 41.
38
Let p(y) = 2*y**2 + 9*y + 2. Suppose -15*i + 9*i = -5*a + 369, 3*a + 3*i - 195 = 0. Calculate the remainder when a is divided by p(-6).
9
Suppose -1 - 11 = -6*l. Suppose -84 = -10*t - l*t. What is the remainder when t is divided by 4?
3
Let d = -74 - -86. Let g